{"id":8,"date":"2023-01-03T19:58:32","date_gmt":"2023-01-03T19:58:32","guid":{"rendered":"https:\/\/construccioneshgr.es\/?page_id=8"},"modified":"2023-01-12T22:29:29","modified_gmt":"2023-01-12T22:29:29","slug":"inicio","status":"publish","type":"page","link":"https:\/\/construccioneshgr.es\/","title":{"rendered":"Inicio"},"content":{"rendered":"<p>[et_pb_section fb_built=\u00bb1&#8243; fullwidth=\u00bbon\u00bb _builder_version=\u00bb4.19.4&#8243; _module_preset=\u00bbdefault\u00bb global_colors_info=\u00bb{}\u00bb][et_pb_fullwidth_slider _builder_version=\u00bb4.19.4&#8243; _module_preset=\u00bbdefault\u00bb auto=\u00bbon\u00bb auto_speed=\u00bb3000&#8243; global_colors_info=\u00bb{}\u00bb][et_pb_slide _builder_version=\u00bb4.19.4&#8243; _module_preset=\u00bbdefault\u00bb background_image=\u00bbhttps:\/\/construccioneshgr.es\/wp-content\/uploads\/2023\/01\/diseno.jpg\u00bb background_enable_image=\u00bbon\u00bb global_colors_info=\u00bb{}\u00bb sticky_transition=\u00bbon\u00bb][\/et_pb_slide][et_pb_slide _builder_version=\u00bb4.19.4&#8243; _module_preset=\u00bbdefault\u00bb background_image=\u00bbhttps:\/\/construccioneshgr.es\/wp-content\/uploads\/2023\/01\/exacavaciones.jpg\u00bb background_enable_image=\u00bbon\u00bb global_colors_info=\u00bb{}\u00bb sticky_transition=\u00bbon\u00bb][\/et_pb_slide][\/et_pb_fullwidth_slider][\/et_pb_section][et_pb_section fb_built=\u00bb1&#8243; _builder_version=\u00bb4.19.4&#8243; _module_preset=\u00bbdefault\u00bb global_colors_info=\u00bb{}\u00bb][et_pb_row column_structure=\u00bb1_3,1_3,1_3&#8243; _builder_version=\u00bb4.19.4&#8243; _module_preset=\u00bbdefault\u00bb global_colors_info=\u00bb{}\u00bb][et_pb_column type=\u00bb1_3&#8243; _builder_version=\u00bb4.19.4&#8243; _module_preset=\u00bbdefault\u00bb global_colors_info=\u00bb{}\u00bb][et_pb_image src=\u00bbhttps:\/\/construccioneshgr.es\/wp-content\/uploads\/2023\/01\/plano.jpg\u00bb title_text=\u00bbplano\u00bb _builder_version=\u00bb4.19.4&#8243; _module_preset=\u00bbdefault\u00bb global_colors_info=\u00bb{}\u00bb][\/et_pb_image][et_pb_text _builder_version=\u00bb4.19.4&#8243; _module_preset=\u00bbdefault\u00bb hover_enabled=\u00bb0&#8243; global_colors_info=\u00bb{}\u00bb sticky_enabled=\u00bb0&#8243;]<\/p>\n<h3 class=\"widget-title\">Obra Nueva<\/h3>\n<div class=\"textwidget\">\n<p>Nos encargamos de todo para que no tenga que preocuparse de nada. En Construcciones HGR realizamos su proyecto desde cero. Todos nuestros proyectos son personalizados y enfocados a conseguir los resultados que cada cliente desea.<\/p>\n<p>Sabemos que cada vivienda es \u00fanica, por ello ponemos todo nuestro equipo de profesionales a su servicio. Construcciones HGR le ofrece la mejor relaci\u00f3n calidad\/ precio, as\u00ed como el cumplimiento escrupuloso de los plazos de ejecuci\u00f3n.<\/p>\n<p>En construcciones HGR cumplimos las expectativas en todo momento del cliente, \u00e9l es nuestra raz\u00f3n de ser, la filosof\u00eda que se tiene en el equipo humano que compone nuestra empresa es siempre complacer al cliente , lo m\u00e1s importante no es la parcela econ\u00f3mica, que tiene su importancia, pero bastante m\u00e1s importante es ver la ilusi\u00f3n con que recibe su casa. ESTE ES NUESTRO MAYOR RETO.<\/p>\n<\/div>\n<p>[\/et_pb_text][\/et_pb_column][et_pb_column type=\u00bb1_3&#8243; _builder_version=\u00bb4.19.4&#8243; _module_preset=\u00bbdefault\u00bb global_colors_info=\u00bb{}\u00bb][et_pb_image src=\u00bbhttps:\/\/construccioneshgr.es\/wp-content\/uploads\/2023\/01\/arquitecto.jpg\u00bb title_text=\u00bbarquitecto\u00bb _builder_version=\u00bb4.19.4&#8243; _module_preset=\u00bbdefault\u00bb global_colors_info=\u00bb{}\u00bb][\/et_pb_image][et_pb_text _builder_version=\u00bb4.19.4&#8243; _module_preset=\u00bbdefault\u00bb hover_enabled=\u00bb0&#8243; global_colors_info=\u00bb{}\u00bb sticky_enabled=\u00bb0&#8243;]<\/p>\n<h3 class=\"widget-title\">Buscamos su satisfacci\u00f3n<\/h3>\n<div class=\"textwidget\">\n<p>En Construcciones HGR trabajamos con un solo fin: conseguir la satisfacci\u00f3n de cada cliente. Sabemos la ilusi\u00f3n que se pone cuando empezamos a construir nuestro hogar o decidimos realizar una reforma integral.<\/p>\n<p>Por ello, en Construcciones HGR ofrecemos la calidad y el compromiso para que su hogar sea de su total agrado y conseguir los resultados que espera en su nueva casa o en la reforma de su vivienda.<\/p>\n<p>Lamentablemente para nuestro gremio de vez en cuando encontramos empresas que no dan la talla con los acabados, realizan lo que vulgarmente conocemos como (chapuza), esto es una carga pesada para el sector, lo que provoca clientes insatisfechos. Desde Construcciones HGR s\u00f3lo decir que nuestros trabajos est\u00e1n respaldados con la mejor garant\u00eda posible, NO COBRAMOS SI NO ESTA SATISFECHO.<\/p>\n<\/div>\n<p>[\/et_pb_text][\/et_pb_column][et_pb_column type=\u00bb1_3&#8243; _builder_version=\u00bb4.19.4&#8243; _module_preset=\u00bbdefault\u00bb global_colors_info=\u00bb{}\u00bb][et_pb_image src=\u00bbhttps:\/\/construccioneshgr.es\/wp-content\/uploads\/2023\/01\/reformas-2.jpg\u00bb title_text=\u00bbreformas (2)\u00bb _builder_version=\u00bb4.19.4&#8243; _module_preset=\u00bbdefault\u00bb global_colors_info=\u00bb{}\u00bb][\/et_pb_image][et_pb_text _builder_version=\u00bb4.19.4&#8243; _module_preset=\u00bbdefault\u00bb hover_enabled=\u00bb0&#8243; global_colors_info=\u00bb{}\u00bb sticky_enabled=\u00bb0&#8243;]<\/p>\n<h3 class=\"widget-title\">Reformas en general<\/h3>\n<div class=\"textwidget\">\n<p>Construcciones HGR le ofrece los mejores servicios para realizar la reforma, desde la m\u00e1s simple a la m\u00e1s exigente, la experiencia despu\u00e9s de todos estos a\u00f1os, hace que nos encontremos en una posici\u00f3n de acabados de una calidad muy alta.<\/p>\n<p>El haber ejecutado varios proyectos muy singulares de arquitectos de reconocido prestigio a nivel nacional, hace de Construcciones HGR una empresa de construcci\u00f3n que esta a la vanguardia del sector.<\/p>\n<p>Con m\u00e1s de 30 de a\u00f1os de experiencia en el sector, Construcciones HGR es la mejor soluci\u00f3n si busca una empresa de reconocida trayectoria empresarial, rapidez, eficacia, calidad y cumplimiento de \u00a0la ejecuci\u00f3n hasta el m\u00e1s m\u00ednimo detalle, es lo que nos hace ser diferentes, todo esto hace que muchos clientes conf\u00eden en nosotros.<\/p>\n<\/div>\n<p>[\/et_pb_text][\/et_pb_column][\/et_pb_row][\/et_pb_section]<\/p>\n","protected":false},"excerpt":{"rendered":"<p>Obra Nueva Nos encargamos de todo para que no tenga que preocuparse de nada. En Construcciones HGR realizamos su proyecto desde cero. Todos nuestros proyectos son personalizados y enfocados a conseguir los resultados que cada cliente desea. Sabemos que cada vivienda es \u00fanica, por ello ponemos todo nuestro equipo de profesionales a su servicio. Construcciones [&hellip;]<\/p>\n","protected":false},"author":1,"featured_media":0,"parent":0,"menu_order":0,"comment_status":"closed","ping_status":"closed","template":"","meta":{"_et_pb_use_builder":"on","_et_pb_old_content":"","_et_gb_content_width":"","footnotes":""},"class_list":["post-8","page","type-page","status-publish","hentry"],"yoast_head":"<!-- This site is optimized with the Yoast SEO plugin v24.7 - https:\/\/yoast.com\/wordpress\/plugins\/seo\/ -->\n<title>Inicio - Construcciones HGR<\/title>\n<meta name=\"robots\" content=\"index, follow, max-snippet:-1, max-image-preview:large, max-video-preview:-1\" \/>\n<link rel=\"canonical\" href=\"https:\/\/construccioneshgr.es\/\" \/>\n<meta property=\"og:locale\" content=\"es_ES\" \/>\n<meta property=\"og:type\" content=\"article\" \/>\n<meta property=\"og:title\" content=\"Inicio - Construcciones HGR\" \/>\n<meta property=\"og:url\" content=\"https:\/\/construccioneshgr.es\/\" \/>\n<meta property=\"og:site_name\" content=\"Construcciones HGR\" \/>\n<meta property=\"article:modified_time\" content=\"2023-01-12T22:29:29+00:00\" \/>\n<meta name=\"twitter:card\" content=\"summary_large_image\" \/>\n<meta name=\"twitter:label1\" content=\"Tiempo de lectura\" \/>\n\t<meta name=\"twitter:data1\" content=\"3 minutos\" \/>\n<script type=\"application\/ld+json\" class=\"yoast-schema-graph\">{\"@context\":\"https:\/\/schema.org\",\"@graph\":[{\"@type\":\"WebPage\",\"@id\":\"https:\/\/construccioneshgr.es\/\",\"url\":\"https:\/\/construccioneshgr.es\/\",\"name\":\"Inicio - Construcciones HGR\",\"isPartOf\":{\"@id\":\"https:\/\/construccioneshgr.es\/#website\"},\"datePublished\":\"2023-01-03T19:58:32+00:00\",\"dateModified\":\"2023-01-12T22:29:29+00:00\",\"breadcrumb\":{\"@id\":\"https:\/\/construccioneshgr.es\/#breadcrumb\"},\"inLanguage\":\"es\",\"potentialAction\":[{\"@type\":\"ReadAction\",\"target\":[\"https:\/\/construccioneshgr.es\/\"]}]},{\"@type\":\"BreadcrumbList\",\"@id\":\"https:\/\/construccioneshgr.es\/#breadcrumb\",\"itemListElement\":[{\"@type\":\"ListItem\",\"position\":1,\"name\":\"Portada\",\"item\":\"https:\/\/construccioneshgr.es\/\"},{\"@type\":\"ListItem\",\"position\":2,\"name\":\"Inicio\"}]},{\"@type\":\"WebSite\",\"@id\":\"https:\/\/construccioneshgr.es\/#website\",\"url\":\"https:\/\/construccioneshgr.es\/\",\"name\":\"Construcciones HGR\",\"description\":\"\",\"potentialAction\":[{\"@type\":\"SearchAction\",\"target\":{\"@type\":\"EntryPoint\",\"urlTemplate\":\"https:\/\/construccioneshgr.es\/?s={search_term_string}\"},\"query-input\":{\"@type\":\"PropertyValueSpecification\",\"valueRequired\":true,\"valueName\":\"search_term_string\"}}],\"inLanguage\":\"es\"}]}<\/script>\n<!-- \/ Yoast SEO plugin. -->","yoast_head_json":{"title":"Inicio - Construcciones HGR","robots":{"index":"index","follow":"follow","max-snippet":"max-snippet:-1","max-image-preview":"max-image-preview:large","max-video-preview":"max-video-preview:-1"},"canonical":"https:\/\/construccioneshgr.es\/","og_locale":"es_ES","og_type":"article","og_title":"Inicio - Construcciones HGR","og_url":"https:\/\/construccioneshgr.es\/","og_site_name":"Construcciones HGR","article_modified_time":"2023-01-12T22:29:29+00:00","twitter_card":"summary_large_image","twitter_misc":{"Tiempo de lectura":"3 minutos"},"schema":{"@context":"https:\/\/schema.org","@graph":[{"@type":"WebPage","@id":"https:\/\/construccioneshgr.es\/","url":"https:\/\/construccioneshgr.es\/","name":"Inicio - Construcciones HGR","isPartOf":{"@id":"https:\/\/construccioneshgr.es\/#website"},"datePublished":"2023-01-03T19:58:32+00:00","dateModified":"2023-01-12T22:29:29+00:00","breadcrumb":{"@id":"https:\/\/construccioneshgr.es\/#breadcrumb"},"inLanguage":"es","potentialAction":[{"@type":"ReadAction","target":["https:\/\/construccioneshgr.es\/"]}]},{"@type":"BreadcrumbList","@id":"https:\/\/construccioneshgr.es\/#breadcrumb","itemListElement":[{"@type":"ListItem","position":1,"name":"Portada","item":"https:\/\/construccioneshgr.es\/"},{"@type":"ListItem","position":2,"name":"Inicio"}]},{"@type":"WebSite","@id":"https:\/\/construccioneshgr.es\/#website","url":"https:\/\/construccioneshgr.es\/","name":"Construcciones HGR","description":"","potentialAction":[{"@type":"SearchAction","target":{"@type":"EntryPoint","urlTemplate":"https:\/\/construccioneshgr.es\/?s={search_term_string}"},"query-input":{"@type":"PropertyValueSpecification","valueRequired":true,"valueName":"search_term_string"}}],"inLanguage":"es"}]}},"jetpack_sharing_enabled":true,"_links":{"self":[{"href":"https:\/\/construccioneshgr.es\/index.php\/wp-json\/wp\/v2\/pages\/8","targetHints":{"allow":["GET"]}}],"collection":[{"href":"https:\/\/construccioneshgr.es\/index.php\/wp-json\/wp\/v2\/pages"}],"about":[{"href":"https:\/\/construccioneshgr.es\/index.php\/wp-json\/wp\/v2\/types\/page"}],"author":[{"embeddable":true,"href":"https:\/\/construccioneshgr.es\/index.php\/wp-json\/wp\/v2\/users\/1"}],"replies":[{"embeddable":true,"href":"https:\/\/construccioneshgr.es\/index.php\/wp-json\/wp\/v2\/comments?post=8"}],"version-history":[{"count":8,"href":"https:\/\/construccioneshgr.es\/index.php\/wp-json\/wp\/v2\/pages\/8\/revisions"}],"predecessor-version":[{"id":153,"href":"https:\/\/construccioneshgr.es\/index.php\/wp-json\/wp\/v2\/pages\/8\/revisions\/153"}],"wp:attachment":[{"href":"https:\/\/construccioneshgr.es\/index.php\/wp-json\/wp\/v2\/media?parent=8"}],"curies":[{"name":"wp","href":"https:\/\/api.w.org\/{rel}","templated":true}]}}