{"id":35,"date":"2023-01-03T20:11:07","date_gmt":"2023-01-03T20:11:07","guid":{"rendered":"https:\/\/construccioneshgr.es\/?page_id=35"},"modified":"2023-01-12T22:46:03","modified_gmt":"2023-01-12T22:46:03","slug":"fachadas","status":"publish","type":"page","link":"https:\/\/construccioneshgr.es\/index.php\/servicios\/fachadas\/","title":{"rendered":"Fachadas"},"content":{"rendered":"<p>[et_pb_section fb_built=\u00bb1&#8243; fullwidth=\u00bbon\u00bb _builder_version=\u00bb4.19.4&#8243; _module_preset=\u00bbdefault\u00bb global_colors_info=\u00bb{}\u00bb][et_pb_fullwidth_header title=\u00bbFachadas\u00bb text_orientation=\u00bbcenter\u00bb _builder_version=\u00bb4.19.4&#8243; _module_preset=\u00bbdefault\u00bb title_text_color=\u00bb#000000&#8243; background_enable_color=\u00bboff\u00bb background_image=\u00bbhttps:\/\/construccioneshgr.es\/wp-content\/uploads\/2023\/01\/reformas.jpg\u00bb title_text_shadow_style=\u00bbpreset2&#8243; global_colors_info=\u00bb{}\u00bb][\/et_pb_fullwidth_header][\/et_pb_section][et_pb_section fb_built=\u00bb1&#8243; _builder_version=\u00bb4.19.4&#8243; _module_preset=\u00bbdefault\u00bb global_colors_info=\u00bb{}\u00bb][et_pb_row column_structure=\u00bb2_5,3_5&#8243; _builder_version=\u00bb4.19.4&#8243; _module_preset=\u00bbdefault\u00bb global_colors_info=\u00bb{}\u00bb][et_pb_column type=\u00bb2_5&#8243; _builder_version=\u00bb4.19.4&#8243; _module_preset=\u00bbdefault\u00bb global_colors_info=\u00bb{}\u00bb][et_pb_image src=\u00bbhttps:\/\/construccioneshgr.es\/wp-content\/uploads\/2023\/01\/housebuilding-3370969_640.jpg\u00bb title_text=\u00bbhousebuilding-3370969_640&#8243; _builder_version=\u00bb4.19.4&#8243; _module_preset=\u00bbdefault\u00bb global_colors_info=\u00bb{}\u00bb][\/et_pb_image][\/et_pb_column][et_pb_column type=\u00bb3_5&#8243; _builder_version=\u00bb4.19.4&#8243; _module_preset=\u00bbdefault\u00bb global_colors_info=\u00bb{}\u00bb][et_pb_text _builder_version=\u00bb4.19.4&#8243; _module_preset=\u00bbdefault\u00bb hover_enabled=\u00bb0&#8243; global_colors_info=\u00bb{}\u00bb sticky_enabled=\u00bb0&#8243;]<\/p>\n<div id=\"pg-152-0\" class=\"panel-grid panel-no-style\">\n<div id=\"pgc-152-0-1\" class=\"panel-grid-cell\">\n<div id=\"panel-152-0-1-0\" class=\"so-panel widget widget_sow-editor panel-first-child panel-last-child\" data-index=\"1\">\n<div class=\"so-widget-sow-editor so-widget-sow-editor-base\">\n<div class=\"siteorigin-widget-tinymce textwidget\">\n<p>Todos somos conscientes del auge que ha tenido en nuestras ciudades, en los \u00faltimos a\u00f1os, la\u00a0<span class=\"cuerpo01remarcado\">rehabilitaci\u00f3n de fachadas<\/span>, ya sea en forma de reparaciones como de restauraci\u00f3n.<\/p>\n<p>Dicho auge tiene que ver, sin duda, con el preocupante estado de la mayor\u00eda de los paramentos exteriores (fachadas) de nuestros edificios y con el claro cambio de mentalidad por parte de los propietarios de edificios y viviendas.<\/p>\n<p>La fachada es un<span class=\"cuerpo01remarcado\">\u00a0elemento com\u00fan<\/span>\u00a0y no es ajeno ni al edificio ni a las viviendas y locales que lo componen. Su mantenimiento ha de ser motivo de inter\u00e9s por parte del propietario o propietarios.<\/p>\n<p>Las responsabilidades en caso de no realizar un correcto mantenimiento pueden llegar a ser importantes. No hay que olvidar que la fachada es el elemento del edificio que est\u00e1 en contacto con el exterior y, al mismo tiempo, su deterioro influye en la v\u00eda p\u00fablica (desprendimientos).<\/p>\n<p>De la misma forma, en ella recae directamente la responsabilidad de proteger al resto del edificio de los agentes atmosf\u00e9ricos que pueden degradarlo. De ah\u00ed que sea la parte (visible) que mas r\u00e1pidamente se deteriora en un edificio de condiciones normales.<\/p>\n<p>La necesidad de efectuar una evaluaci\u00f3n sobre el estado de la fachada de un edificio viene dado por diversos puntos, como son el estado de los\u00a0<span class=\"cuerpo05\">balcones<\/span>, la presencia de\u00a0<span class=\"cuerpo05\">fisuras<\/span>\u00a0o\u00a0<span class=\"cuerpo05\">grietas<\/span>\u00a0en los paramentos de la fachada, la\u00a0<span class=\"cuerpo05\">p\u00e9rdida de materiales<\/span>\u00a0que cubren partes de la estructura o la presencia de\u00a0<span class=\"cuerpo05\">humedades<\/span>\u00a0en el interior del edificio.<\/p>\n<\/div>\n<\/div>\n<\/div>\n<\/div>\n<\/div>\n<div id=\"pg-152-1\" class=\"panel-grid panel-no-style\">\n<div id=\"pgc-152-1-0\" class=\"panel-grid-cell\">\n<div id=\"panel-152-1-0-0\" class=\"so-panel widget widget_sow-editor panel-first-child panel-last-child\" data-index=\"2\">\n<div class=\"so-widget-sow-editor so-widget-sow-editor-base\">\n<div class=\"siteorigin-widget-tinymce textwidget\">\n<p>La variedad de est\u00e9ticas y acabados en fachadas, actualmente, es importante.<br \/>Se ha de valorar el tipo de acabado y est\u00e9tica, colores y texturas, siempre en funci\u00f3n de los objetivos primarios de\u00a0<span class=\"cuerpo01remarcado\">Seguridad<\/span>\u00a0y de estricto cumplimiento de las funciones que deben de cumplir las fachadas.<\/p>\n<p>Ante la aparici\u00f3n de alg\u00fan s\u00edntoma de anomal\u00edas en las fachadas de su vivienda o edificio, no dude en solicitar un reconocimiento de la fachada del edificio, por parte de un <span class=\"cuerpo01remarcado\">t\u00e9cnico cualificado.<\/span><\/p>\n<p>El t<span class=\"cuerpo01remarcado\">\u00e9cnico<\/span>\u00a0elabora un proyecto de restauraci\u00f3n o de reparaci\u00f3n, tratando de poner de acuerdo los deseos de la propiedad con sus recomendaciones y conocimientos t\u00e9cnicos.<br \/>Este proyecto incluir\u00e1 unas mediciones detalladas de las obras que deben realizarse.<\/p>\n<p>Construcciones HGR, si as\u00ed lo demanda el cliente, se ocupar\u00e1 de todos los tramites de la ejecuci\u00f3n de la obra.<\/p>\n<\/div>\n<\/div>\n<\/div>\n<\/div>\n<\/div>\n<p>[\/et_pb_text][\/et_pb_column][\/et_pb_row][\/et_pb_section]<\/p>\n","protected":false},"excerpt":{"rendered":"<p>Todos somos conscientes del auge que ha tenido en nuestras ciudades, en los \u00faltimos a\u00f1os, la\u00a0rehabilitaci\u00f3n de fachadas, ya sea en forma de reparaciones como de restauraci\u00f3n. Dicho auge tiene que ver, sin duda, con el preocupante estado de la mayor\u00eda de los paramentos exteriores (fachadas) de nuestros edificios y con el claro cambio de [&hellip;]<\/p>\n","protected":false},"author":1,"featured_media":0,"parent":27,"menu_order":0,"comment_status":"closed","ping_status":"closed","template":"","meta":{"_et_pb_use_builder":"on","_et_pb_old_content":"","_et_gb_content_width":"","footnotes":""},"class_list":["post-35","page","type-page","status-publish","hentry"],"yoast_head":"<!-- This site is optimized with the Yoast SEO plugin v24.7 - https:\/\/yoast.com\/wordpress\/plugins\/seo\/ -->\n<title>Fachadas - Construcciones HGR<\/title>\n<meta name=\"robots\" content=\"index, follow, max-snippet:-1, max-image-preview:large, max-video-preview:-1\" \/>\n<link rel=\"canonical\" href=\"https:\/\/construccioneshgr.es\/index.php\/servicios\/fachadas\/\" \/>\n<meta property=\"og:locale\" content=\"es_ES\" \/>\n<meta property=\"og:type\" content=\"article\" \/>\n<meta property=\"og:title\" content=\"Fachadas - Construcciones HGR\" \/>\n<meta property=\"og:url\" content=\"https:\/\/construccioneshgr.es\/index.php\/servicios\/fachadas\/\" \/>\n<meta property=\"og:site_name\" content=\"Construcciones HGR\" \/>\n<meta property=\"article:modified_time\" content=\"2023-01-12T22:46:03+00:00\" \/>\n<meta name=\"twitter:card\" content=\"summary_large_image\" \/>\n<meta name=\"twitter:label1\" content=\"Tiempo de lectura\" \/>\n\t<meta name=\"twitter:data1\" content=\"2 minutos\" \/>\n<script type=\"application\/ld+json\" class=\"yoast-schema-graph\">{\"@context\":\"https:\/\/schema.org\",\"@graph\":[{\"@type\":\"WebPage\",\"@id\":\"https:\/\/construccioneshgr.es\/index.php\/servicios\/fachadas\/\",\"url\":\"https:\/\/construccioneshgr.es\/index.php\/servicios\/fachadas\/\",\"name\":\"Fachadas - Construcciones HGR\",\"isPartOf\":{\"@id\":\"https:\/\/construccioneshgr.es\/#website\"},\"datePublished\":\"2023-01-03T20:11:07+00:00\",\"dateModified\":\"2023-01-12T22:46:03+00:00\",\"breadcrumb\":{\"@id\":\"https:\/\/construccioneshgr.es\/index.php\/servicios\/fachadas\/#breadcrumb\"},\"inLanguage\":\"es\",\"potentialAction\":[{\"@type\":\"ReadAction\",\"target\":[\"https:\/\/construccioneshgr.es\/index.php\/servicios\/fachadas\/\"]}]},{\"@type\":\"BreadcrumbList\",\"@id\":\"https:\/\/construccioneshgr.es\/index.php\/servicios\/fachadas\/#breadcrumb\",\"itemListElement\":[{\"@type\":\"ListItem\",\"position\":1,\"name\":\"Portada\",\"item\":\"https:\/\/construccioneshgr.es\/\"},{\"@type\":\"ListItem\",\"position\":2,\"name\":\"Servicios\",\"item\":\"https:\/\/construccioneshgr.es\/index.php\/servicios\/\"},{\"@type\":\"ListItem\",\"position\":3,\"name\":\"Fachadas\"}]},{\"@type\":\"WebSite\",\"@id\":\"https:\/\/construccioneshgr.es\/#website\",\"url\":\"https:\/\/construccioneshgr.es\/\",\"name\":\"Construcciones HGR\",\"description\":\"\",\"potentialAction\":[{\"@type\":\"SearchAction\",\"target\":{\"@type\":\"EntryPoint\",\"urlTemplate\":\"https:\/\/construccioneshgr.es\/?s={search_term_string}\"},\"query-input\":{\"@type\":\"PropertyValueSpecification\",\"valueRequired\":true,\"valueName\":\"search_term_string\"}}],\"inLanguage\":\"es\"}]}<\/script>\n<!-- \/ Yoast SEO plugin. -->","yoast_head_json":{"title":"Fachadas - Construcciones HGR","robots":{"index":"index","follow":"follow","max-snippet":"max-snippet:-1","max-image-preview":"max-image-preview:large","max-video-preview":"max-video-preview:-1"},"canonical":"https:\/\/construccioneshgr.es\/index.php\/servicios\/fachadas\/","og_locale":"es_ES","og_type":"article","og_title":"Fachadas - Construcciones HGR","og_url":"https:\/\/construccioneshgr.es\/index.php\/servicios\/fachadas\/","og_site_name":"Construcciones HGR","article_modified_time":"2023-01-12T22:46:03+00:00","twitter_card":"summary_large_image","twitter_misc":{"Tiempo de lectura":"2 minutos"},"schema":{"@context":"https:\/\/schema.org","@graph":[{"@type":"WebPage","@id":"https:\/\/construccioneshgr.es\/index.php\/servicios\/fachadas\/","url":"https:\/\/construccioneshgr.es\/index.php\/servicios\/fachadas\/","name":"Fachadas - Construcciones HGR","isPartOf":{"@id":"https:\/\/construccioneshgr.es\/#website"},"datePublished":"2023-01-03T20:11:07+00:00","dateModified":"2023-01-12T22:46:03+00:00","breadcrumb":{"@id":"https:\/\/construccioneshgr.es\/index.php\/servicios\/fachadas\/#breadcrumb"},"inLanguage":"es","potentialAction":[{"@type":"ReadAction","target":["https:\/\/construccioneshgr.es\/index.php\/servicios\/fachadas\/"]}]},{"@type":"BreadcrumbList","@id":"https:\/\/construccioneshgr.es\/index.php\/servicios\/fachadas\/#breadcrumb","itemListElement":[{"@type":"ListItem","position":1,"name":"Portada","item":"https:\/\/construccioneshgr.es\/"},{"@type":"ListItem","position":2,"name":"Servicios","item":"https:\/\/construccioneshgr.es\/index.php\/servicios\/"},{"@type":"ListItem","position":3,"name":"Fachadas"}]},{"@type":"WebSite","@id":"https:\/\/construccioneshgr.es\/#website","url":"https:\/\/construccioneshgr.es\/","name":"Construcciones HGR","description":"","potentialAction":[{"@type":"SearchAction","target":{"@type":"EntryPoint","urlTemplate":"https:\/\/construccioneshgr.es\/?s={search_term_string}"},"query-input":{"@type":"PropertyValueSpecification","valueRequired":true,"valueName":"search_term_string"}}],"inLanguage":"es"}]}},"jetpack_sharing_enabled":true,"_links":{"self":[{"href":"https:\/\/construccioneshgr.es\/index.php\/wp-json\/wp\/v2\/pages\/35","targetHints":{"allow":["GET"]}}],"collection":[{"href":"https:\/\/construccioneshgr.es\/index.php\/wp-json\/wp\/v2\/pages"}],"about":[{"href":"https:\/\/construccioneshgr.es\/index.php\/wp-json\/wp\/v2\/types\/page"}],"author":[{"embeddable":true,"href":"https:\/\/construccioneshgr.es\/index.php\/wp-json\/wp\/v2\/users\/1"}],"replies":[{"embeddable":true,"href":"https:\/\/construccioneshgr.es\/index.php\/wp-json\/wp\/v2\/comments?post=35"}],"version-history":[{"count":5,"href":"https:\/\/construccioneshgr.es\/index.php\/wp-json\/wp\/v2\/pages\/35\/revisions"}],"predecessor-version":[{"id":159,"href":"https:\/\/construccioneshgr.es\/index.php\/wp-json\/wp\/v2\/pages\/35\/revisions\/159"}],"up":[{"embeddable":true,"href":"https:\/\/construccioneshgr.es\/index.php\/wp-json\/wp\/v2\/pages\/27"}],"wp:attachment":[{"href":"https:\/\/construccioneshgr.es\/index.php\/wp-json\/wp\/v2\/media?parent=35"}],"curies":[{"name":"wp","href":"https:\/\/api.w.org\/{rel}","templated":true}]}}